ens digit of p?
7
Suppose 14*v - 1983 = -317. Suppose 2*h = -q - 2*h + v, 0 = -3*q + 4*h + 341. What is the units digit of q?
5
Let t(l) = -2*l**3 - 4*l**2 - 6*l - 7. Let h be t(-2). Suppose a - 47 - 43 = 0. Suppose 3*k + k = 2*w - 62, -3*w = -h*k - a. What is the tens digit of w?
2
What is the hundreds digit of (356/(-3) - (-4 - -3))*-6?
7
Let s = 33 + -39. What is the units digit of 126/4 - (-3)/s?
1
Suppose -33*j + 14837 = -9484. What is the hundreds digit of j?
7
Suppose t = 2*a - 10, -a - 5*t = 2*a - 41. Suppose 3*o - a*o = 4. What is the tens digit of ((-18)/45)/(o/165)?
6
Let u = -120 + 65. Let v = u + 74. What is the units digit of v?
9
Let x be (7/14)/(2/72). Suppose 0 = -4*v + 5*k - 21, -x = 2*v + 3*v + 2*k. What is the tens digit of (-2)/v - (-45)/2?
2
Suppose 2*n - 2*k = n + 180, -5*n - 5*k + 915 = 0. What is the hundreds digit of n?
1
Suppose 2*v - a = 365, -a + 710 = 4*v + a. What is the tens digit of v?
8
Suppose -r + 5*r = -3*k + 10, 3*k - 2 = 4*r. Suppose 3*s = s + k*v - 2, s + v = -7. What is the tens digit of (-172)/(-16) + (-1)/s?
1
What is the tens digit of (705/(-6))/(-3 - 44/(-16))?
7
What is the tens digit of (27265/(-38))/35*-8*1?
6
Let h(x) be the first derivative of 2*x**3/3 + 11*x**2/2 - 33*x + 21. What is the units digit of h(-12)?
3
Let k = -560 + 1212. What is the units digit of k?
2
Let g = 3271 + -1602. What is the hundreds digit of g?
6
Let y = 52 + -54. What is the tens digit of -5 + 4 + (225 - y)?
2
Let x = 2220 - 576. What is the tens digit of x?
4
Let t(o) = -3*o**3 - 49*o**2 - 15*o - 63. What is the thousands digit of t(-19)?
3
Let x(b) = 368*b**3 - b + 9. What is the thousands digit of x(2)?
2
Let b(v) = -4*v**3 + 9*v**2 + 3*v - 1. Let l(n) = -5*n**3 + 8*n**2 + 3*n - 1. Let c(y) = -4*b(y) + 5*l(y). What is the tens digit of c(-2)?
8
Suppose 11470 = 104*n - 41050. What is the hundreds digit of n?
5
Suppose -2*y + 92 = y + 4*j, -2*y + 54 = -j. Suppose 3*r = 4*c - 57, -r - c = -2*r - 20. Let l = r + y. What is the units digit of l?
5
Let o(r) = 15 - 3*r - 18 - 14. Let s be o(-12). Let h = s - -14. What is the tens digit of h?
3
Suppose 4*s - 2143 = -3*w, 3*s = -1 - 14. What is the hundreds digit of w?
7
Let p be 2*(-8 + (2 - -1)). Let y = p + 12. What is the units digit of y/(3 + 11/(-4))?
8
Let x(u) = 57*u - 37. What is the hundreds digit of x(6)?
3
Let f be 26/7 - 8/(-28). Suppose -2*w = -6*w + 8, 3*l - f = w. Suppose -b - l*b + 87 = 3*u, -190 = -5*u + 4*b. What is the units digit of u?
4
Suppose 2*t = 3*m - 1301, -3*t - 1779 - 182 = 5*m. What is the tens digit of t/(-14) - (-9)/21?
4
Suppose -4*w + 0*t - 2*t = 22, -5*t = -5*w + 10. Let b be (-42)/w - (-1 + 3). What is the tens digit of (-4)/24 - (-554)/b?
4
Suppose 3*v + 5*g - 10 = 0, 0 = -v + 6*v + 3*g - 38. Suppose -3*f + l = -103 + v, -2*l - 6 = 0. What is the units digit of f?
0
Suppose -11 = -3*a - m - 4, 3*m - 13 = -a. Let f be -2*(-8 + 1 + a). What is the units digit of f + (-4)/(-8)*-6?
9
Let u(n) = n**3 - 7*n**2 + 3*n - 67. What is the hundreds digit of u(15)?
7
Suppose 0 = -5*f + 1020 + 420. What is the units digit of f?
8
What is the units digit of (-3094)/(-51) - 2/3?
0
Let z(v) = 490*v**2 - 6*v + 14. What is the tens digit of z(3)?
0
Let w(r) = 3*r**2 - 4*r - 577. What is the units digit of w(45)?
8
Let b(j) = j**3 - 9*j**2 - 5*j + 9. Let f be b(10). Suppose 4*i = -5*i - 90. Let m = f + i. What is the tens digit of m?
4
Let h be ((-2)/(-6))/((-26)/624). What is the tens digit of h/12 - (-1239)/9?
3
Suppose -a - 2*f + 136 = -332, 4*f = -12. What is the units digit of a?
4
Suppose -17*t = 61*t - 189306. What is the hundreds digit of t?
4
Suppose 2*w - w + 24 = 0. What is the units digit of -2 + ((-7572)/w - 1/2)?
3
Let y(d) = 2*d**2 - 10*d - 10. Suppose 2*o + 0 = 16. What is the units digit of y(o)?
8
Let u = -20 + 37. Let i = u + 16. Suppose -c + 6*f - 4*f = -i, -5*c + 3*f + 151 = 0. What is the tens digit of c?
2
Let u be (866/10)/((-10)/(-50)). Suppose -4*b - u = -5*j, 28 + 47 = j + 5*b. What is the units digit of j?
5
Let c be (-248)/12 + 6/9. Let q = -18 - c. What is the tens digit of (-224)/(-14) + q/(-2)?
1
Let a(z) = 16*z**2 + 89*z - 8. What is the units digit of a(-9)?
7
Let u be ((-45)/6)/5*-56. Let p = u - 20. Suppose -2*c = 2*l - p, -5*l + c + 168 = 2*c. What is the tens digit of l?
3
Let m(w) = -16*w - 2. Let p be m(-3). Suppose -222 = -4*g - p. Let u = g + -29. What is the units digit of u?
5
Suppose -4*k + 1795 = -3*c, -5*k - c + 1512 + 727 = 0. What is the units digit of k?
8
Let u = -2130 + 2395. What is the units digit of u?
5
What is the units digit of 6/27 + (-25955)/(-45)?
7
Let i = -70 + 105. Suppose -i = -5*t + 30. Suppose -3*a = t - 73. What is the units digit of a?
0
Let i(n) = n**2 - 7*n + 4. Let q be i(7). Suppose 3*b = -q*o + o + 6, b = -3. What is the units digit of o?
5
What is the units digit of -247*(-4)/2 + -1?
3
Let r(w) = w**3 + 4*w**2 - 6*w - 1. Let g be r(-5). Suppose 0 = g*a - y - 432, 4 = -5*y + 4*y. What is the hundreds digit of a?
1
What is the units digit of (9 + (-7 - 52))*(-3 - -1)?
0
Suppose 4*t - 732 = -4*b, -4*t + 0*b = -2*b - 726. What is the units digit of t/6 + 14/21?
1
Let s(w) = 14*w**3 + 9*w**2 + 9*w + 40. What is the thousands digit of s(7)?
5
Suppose n + 3*y + 4 + 2 = 0, 0 = n + 5*y + 10. Suppose -4*v - 5 = 4*u - 181, n = -u - 5. Suppose 2*h - v + 21 = 0. What is the units digit of h?
4
Let p be (-72)/(-10)*100/15. Suppose 0 = -0*v - 2*v - p. What is the tens digit of (-12)/v + (-117)/(-2)?
5
Suppose 5*z = 6 + 174. Let m be (-660)/z + 4/3. Let f = m + 26. What is the units digit of f?
9
Let i = 68 + -213. Let f = i + 207. What is the units digit of f?
2
Suppose 7 = 4*s - 2*d - 5, -4*d - 9 = -3*s. Suppose -5*x + q + 40 = 0, 0 = s*x - 4*q - 13 - 28. Suppose -f + x = -31. What is the tens digit of f?
3
Suppose 0*r - 20 = -5*r. Suppose -4*v + 4*f + 36 = -0*f, 5*v - r*f = 40. Suppose 3*t = v*t - 54. What is the tens digit of t?
5
Let j be -3 + 1 + 5 + 33. Let m be (-1)/3 - (-660)/j. Suppose 2*o + 6 = m. What is the units digit of o?
6
Let o be 1102/(-3) + -2 + 1/3. Let k = o - -537. What is the hundreds digit of k?
1
Let t(l) = -l + 13. Suppose -27 - 33 = -5*r. Let n be t(r). What is the units digit of (10/6)/(n/15)?
5
Let b = -32 + 52. Suppose y = -3*y + b. Suppose -19 = 2*a + y*j, -4*j = -0*a - a + 23. What is the units digit of a?
3
Let a = 1869 - 731. What is the units digit of a?
8
Let s(y) = -30*y + 35*y + 39*y**2 - 1 + 33*y**2 + 5. What is the tens digit of s(-1)?
7
Let k(z) = -76*z + 11. What is the tens digit of k(-4)?
1
Let f(q) = 5*q + 117. Let a be 6/(-14) + (-6)/(-14). What is the units digit of f(a)?
7
Let y = -32 + -12. Let i = 185 - y. What is the hundreds digit of i?
2
Let u = -300 - -393. What is the units digit of u?
3
Let w be (-1 - (-6)/4)*10. Suppose 3*g - w*g - 40 = 0. What is the units digit of (g/6)/((-1)/15)?
0
Suppose 8*d - 12*d = -8, 72 = 5*s - 4*d. Suppose -15*n + s*n - 40 = 0. What is the units digit of n?
0
Let a be (24/(-10) + -3)/(6/(-20)). What is the units digit of 213 - (4/a + (-14)/63)?
3
Suppose 44*x - 85273 = 7831. What is the tens digit of x?
1
Let s(a) = a + 89. What is the tens digit of s(-10)?
7
Let d be 1/3*0 - 2. Let n be ((-6)/5)/(d/(-10)). What is the units digit of ((-21)/n)/(-7)*-42?
1
Let g(v) = -v. Let p(l) = 23*l + 7. Let b(j) = -2*g(j) + p(j). What is the tens digit of b(5)?
3
Suppose -320 = 148*x - 149*x. What is the hundreds digit of x?
3
Suppose 8*y + 5 = 9*y. Suppose y*v + 5*t = 25, 3*v - 7 + 2 = 2*t. Suppose v*n - 59 = 22. What is the units digit of n?
7
Let z be (36/(-45))/((-2)/25). Let u = z + -6. Suppose -u*v + 0*v - 35 = -5*q, -5*v + 14 = -q. What is the tens digit of q?
1
Suppose 7*g + 620 = 10315. What is the thousands digit of g?
1
Let q(l) = l + 7. Let d(k) = 1. Let g(t) = 3*d(t) + q(t). Let m be g(0). Suppose m = v - 11. What is the units digit of v?
1
What is the tens digit of -2 + ((-21)/28)/((-3)/2248)?
6
Let b = 11 - 6. Suppose 5*n + 0*n - 5*a - b = 0, 0 = 5*n + 4*a - 41. Suppose 85 = 2*k - 3*l, k + n*l = 2*l + 20. What is the units digit of k?
5
Let q = 1756 + -998. What is the hundreds digit of q?
7
Suppose 0 = -5*z - 210 + 2430. What is the units digit of z?
4
Suppose 5 = -d, -4*h + 4*d - 8996 = -8*h. What is the un